, what is 420334141203 - 3?
420334141200
In base 10, what is 11 - 317125?
-317114
In base 11, what is -2000 - -11011?
a011
In base 11, what is 14 - -221928?
221941
In base 10, what is -3831 + -568?
-4399
In base 12, what is 18a2 + 1445a?
16140
In base 3, what is 0 - 2000021121100?
-2000021121100
In base 15, what is 260 - -5358?
55b8
In base 14, what is -499d - -174?
-4829
In base 16, what is 459ad6e + 6?
459ad74
In base 5, what is -3200 - -1202432?
1144232
In base 14, what is -4 - -3cd4c53?
3cd4c4d
In base 7, what is 631131246 - 2?
631131244
In base 13, what is -1cb99035 - 1?
-1cb99036
In base 5, what is -210443202 + -1?
-210443203
In base 12, what is 3170 + b58a?
1273a
In base 8, what is -35224 + 516?
-34506
In base 4, what is 21021033 - -111201?
21132300
In base 12, what is -9b4 - -6a3b?
6047
In base 11, what is 3368679 - 8?
3368671
In base 12, what is -2a21a0 - -4?
-2a2198
In base 10, what is 19779 - -277?
20056
In base 11, what is 60402 + 1092?
61494
In base 6, what is -2 + -104505531?
-104505533
In base 9, what is 14663130 + 25?
14663155
In base 2, what is -10010010010001101000 - 100?
-10010010010001101100
In base 3, what is 11211000222 - -21220?
11211022212
In base 7, what is -3036250 + 1532?
-3034415
In base 11, what is -5722a349 + 2?
-5722a347
In base 16, what is -48c + 1c30?
17a4
In base 4, what is 111 - 113203123123?
-113203123012
In base 14, what is 6717 + 32da?
9a13
In base 16, what is f72bc8 + -b?
f72bbd
In base 16, what is -298 - 2606?
-289e
In base 8, what is -4473 - -323140?
316445
In base 8, what is 41 + -23167401?
-23167340
In base 4, what is 1331 - 201230302?
-201222311
In base 4, what is 223 - -1020221131?
1020222020
In base 11, what is -22 + -4825500?
-4825522
In base 5, what is -2112 - -4141204?
4134042
In base 2, what is -100101011001000010 + -11000?
-100101011001011010
In base 7, what is -2 - 26521545?
-26521550
In base 3, what is 12021212012 - -1?
12021212020
In base 3, what is -101102102201021 - 1122?
-101102102202220
In base 9, what is 1 + 236212030?
236212031
In base 7, what is 266252663 - -1?
266252664
In base 6, what is 33 + 30052432?
30052505
In base 16, what is 7 + -295597?
-295590
In base 9, what is 5323487 + -245?
5323242
In base 9, what is 10361 + 2058?
12430
In base 14, what is -47839c - -3?
-478399
In base 8, what is -5240457075 + -3?
-5240457100
In base 10, what is 47 - -212003?
212050
In base 7, what is 232315 - -264?
232612
In base 2, what is -1110011110111 + -1011011100010?
-11001111011001
In base 7, what is -12 - 14131416?
-14131431
In base 10, what is 14001014 + 5?
14001019
In base 8, what is 211013161 + 5?
211013166
In base 15, what is 4 + 1110264e?
11102653
In base 7, what is -6 - -331302241?
331302232
In base 7, what is -665203 + 51?
-665122
In base 15, what is 174 + -e3bd?
-e249
In base 10, what is 0 + -16837137?
-16837137
In base 2, what is -10011000101110100010001110 - 101?
-10011000101110100010010011
In base 13, what is 5 - 5780425?
-5780420
In base 14, what is 10 + -363676?
-363666
In base 4, what is -3032212 + 13332?
-3012220
In base 4, what is 323031322220 - -10?
323031322230
In base 7, what is 3 - 121520542?
-121520536
In base 8, what is -15 + 10344247?
10344232
In base 9, what is 628018 + -20?
627888
In base 4, what is 3301202113 + 120?
3301202233
In base 12, what is -2534 - a66?
-339a
In base 16, what is -68 - -4bbd?
4b55
In base 4, what is 10201210200 - -321?
10201211121
In base 4, what is -3 + 312000103011?
312000103002
In base 11, what is 29449 + -15?
29434
In base 8, what is 6537270 - 51?
6537217
In base 16, what is -10 - 8dc2?
-8dd2
In base 15, what is -de7 + -427?
-131e
In base 5, what is 414 - 341110010?
-341104041
In base 16, what is -38 - -26f2c6?
26f28e
In base 6, what is 322530241 + 3?
322530244
In base 12, what is 1 + -1254a57?
-1254a56
In base 13, what is -b8c + 160710?
15c851
In base 4, what is 3 - -2101233021?
2101233030
In base 13, what is -229 - -69080?
68b54
In base 3, what is 11001201121 + 11121120?
11020100011
In base 7, what is -51343 - 4450?
-56123
In base 12, what is -5a0a + 44b1?
-1519
In base 6, what is 3023 + 224445?
231512
In base 10, what is 5005 + 2023?
7028
In base 6, what is -155411 - 21202?
-221013
In base 9, what is -5448 - -4122?
-1326
In base 2, what is -110110101000110 - 101000110?
-110111010001100
In base 11, what is 987a + 657?
a426
In base 16, what is -27fb3a - 0?
-27fb3a
In base 10, what is 30837 + 332?
31169
In base 2, what is -100010100000111101 + -10010?
-100010100001001111
In base 16, what is -a4709 + -a?
-a4713
In base 12, what is 19 + 708620?
708639
In base 16, what is -2 - -177f2b?
177f29
In base 14, what is c7b + -3558?
-26bb
In base 5, what is -121 + 4442103?
4441432
In base 2, what is 1011 - -10001001011011010111?
10001001011011100010
In base 14, what is 2c2a + -4646?
-181a
In base 13, what is 3b9661c1 - 4?
3b9661ba
In base 12, what is -9b13 + 1943a?
b527
In base 14, what is 9c757 + 101?
9c858
In base 5, what is 1 + -1342142224?
-1342142223
In base 16, what is -131d9cca - -3?
-131d9cc7
In base 4, what is -10311320121020 - -1?
-10311320121013
In base 6, what is 245000004 - -10?
245000014
In base 6, what is 55 - 1111242?
-1111143
In base 5, what is 4211 - 124444?
-120233
In base 12, what is 2 + -4809497?
-4809495
In base 7, what is -2543 - 4625?
-10501
In base 5, what is -132430 + -101102?
-234032
In base 2, what is -10000110110010110 - 10111?
-10000110110101101
In base 5, what is -4304 - -40000030?
34440221
In base 16, what is -123f - 13ab?
-25ea
In base 12, what is 55b221 - -3?
55b224
In base 13, what is -431a + 1645?
-29a5
In base 7, what is -4 + 24062165?
24062161
In base 9, what is -57804 + 46?
-57747
In base 16, what is -5 - 585c4d8?
-585c4dd
In base 2, what is 1100011100111000 - 101010011001?
1011110010011111
In base 13, what is 15 - -24a545?
24a55a
In base 10, what is 77271815 + -2?
77271813
In base 14, what is 16a498 + 4?
16a49c
In base 6, what is -413101232 - -5?
-413101223
In base 6, what is -3 + -202301530?
-202301533
In base 7, what is 114 + -1302365?
-1302251
In base 12, what is -8 + 151201?
1511b5
In base 10, what is -98 + -3586444?
-3586542
In base 13, what is c2 - 89863?
-89771
In base 4, what is -22 - 1033001202?
-1033001230
In base 13, what is 87b + 87c26?
887a4
In base 4, what is 22113121220 - 3?
22113121211
In base 9, what is 374166 - -808?
375075
In base 5, what is 32 - -22333314?
22333401
In base 15, what is -1 - -9aa19?
9aa18
In base 10, what is -1330 + 793665?
792335
In base 3, what is 12112 + -2201211122?
-2201122010
In base 2, what is -111010011101101011001 + -100010?
-111010011101101111011
In base 8, what is -13064257 - -23?
-13064234
In base 14, what is -129582 + -67?
-129609
In base 4, what is -1 - 22313102132201?
-22313102132202
In base 3, what is -1022010102 + 122220?
-1021110112
In base 13, what is 4 - -5b1aa7a?
5b1aa81
In base 11, what is 1 - 11735958?
-11735957
In base 4, what is -302313211 + -10213?
-302330030
In base 7, what is 265403 + 25?
265431
In base 3, what is 220120022212220 - -120?
220120022220110
In base 6, what is 4 + -1054540524?
-1054540520
In base 3, what is 100110122220 + 1102211?
100112002201
In base 4, what is -1101033 - 112203?
-1213302
In base 10, what is 1063788 - 1?
1063787
In base 5, what is 1231 + 1211412?
1213143
In base 13, what is 2 + -10ab931?
-10ab92c
In base 16, what is -6ce9c - -d7?
-6cdc5
In base 6, what is 24533 + -13211?
11322
In base 5, what is 444241433 + -2?
444241431
In base 8, what is 663511332 - 5?
663511325
In base 2, what is -10000010001110010 - -110001101111?
-1111100000000011
In base 15, what is -8809d8 + -4?
-8809dc
In base 7, what is 36226 + 14004?
53233
In base 11, what is -2a3 + -6a894?
-70087
In base 16, what is -1569 + 180e?
2a5
In base 5, what is -3440303233 + -20?
-3440303303
In base 14, what is 4 - -ad9c?
ada2
In base 13, what is 3ac2ab + 24?
3ac302
In base 3, what is -20 - 1120221120200?
-1120221120220
In base 8, what is 46 - -2134634?
2134702
In base 8, what is -5 - 27551220?
-27551225
In base 10, what is 4 + 36667560?
36667564
In base 14, what is 1c8c7 + -472?
1c455
In base 8, what is 21425443 - 241?
21425202
In base 5, what is 121133 + -130122?
-3434
In base 13, what is 7a + -115b74?
-115ac7
In base 14, what is 1a - -329476?
329492
In base 5, wha